{"id":189,"date":"2022-05-30T07:29:12","date_gmt":"2022-05-30T07:29:12","guid":{"rendered":"https:\/\/portesasturias.com\/?page_id=189"},"modified":"2022-05-30T07:29:12","modified_gmt":"2022-05-30T07:29:12","slug":"aviso-legal","status":"publish","type":"page","link":"https:\/\/ayudaestresyansiedad.com\/index.php\/aviso-legal\/","title":{"rendered":"Aviso legal"},"content":{"rendered":"\n<h2 class=\"wp-block-heading\">IDENTIFICACI\u00d3N Y TITULARIDAD.<\/h2>\n\n\n\n<p>Esta es una Website titularidad de PORTES ENTRE ASTURIAS Y MADRID SL. En cumplimiento a la Ley de Servicios de la Sociedad de la Informaci\u00f3n, pasamos a identificar a los titulares y responsables del presente Website.<\/p>\n\n\n\n<p>PORTES ENTRE ASTURIAS Y MADRID SL (en adelante LA EMPRESA) y con domicilio a estos efectos en Asturias.<\/p>\n\n\n\n<h2 class=\"wp-block-heading\">ACEPTACI\u00d3N DE CONDICIONES POR PARTE DEL USUARIO.<\/h2>\n\n\n\n<p>Tendr\u00e1 condici\u00f3n de usuario del Portal toda persona que acceda al Website. La utilizaci\u00f3n del sitio Web por parte del usuario supone la aceptaci\u00f3n plena de la Condiciones Generales que aqu\u00ed se especifican, por lo que si el usuario no est\u00e1 de acuerdo con las mismas deber\u00e1 abstenerse de utilizar el sitio Web.<\/p>\n\n\n\n<p>El usuario se compromete a no utilizar el portal o sus servicios y contenidos de forma contraria a lo dispuesto en la legislaci\u00f3n vigente que sea de su aplicaci\u00f3n. La empresa se reserva el derecho a retirar el acceso al portal, sin necesidad de previo aviso, a cualquier usuario que contravenga este aviso legal.<\/p>\n\n\n\n<p>La empresa se reserva el derecho a modificar en cualquier momento las presentes Condiciones Generales de Uso as\u00ed como cualesquiera otras condiciones generales o particulares, reglamentos de uso o avisos que resulten de aplicaci\u00f3n. Asimismo, se reserva el Derecho a modificar en cualquier momento la presentaci\u00f3n, configuraci\u00f3n y localizaci\u00f3n del sitio Web, as\u00ed como los contenidos y las condiciones requeridas para utilizar los mismos.<\/p>\n\n\n\n<p>El usuario reconoce y acepta que el acceso y uso del sitio Web y los contenidos incluidos en el mismo tienen lugar libre y conscientemente, bajo su exclusiva responsabilidad.<\/p>\n\n\n\n<p>El usuario se compromete a hacer un uso adecuado y l\u00edcito del sitio Web y de sus contenidos y aplicaciones, de conformidad con la legislaci\u00f3n aplicable, de estas Condiciones Generales, la moral, las buenas costumbres generalmente aceptadas y el orden p\u00fablico.<\/p>\n\n\n\n<p>El usuario reconoce que el acceso a la web es totalmente gratuito, con excepci\u00f3n de aquellos servicios o aplicaciones que as\u00ed se se\u00f1alen en sus Condiciones Generales, servicios que ser\u00e1n claramente identificables por el usuario, siendo de su potestad el hacer uso de ellos o no.<\/p>\n\n\n\n<h2 class=\"wp-block-heading\">RESPONSABILIDAD DE LA EMPRESA.<\/h2>\n\n\n\n<p>La empresa no garantiza el acceso continuado, ni la correcta visualizaci\u00f3n, descarga o utilidad de los elementos e informaci\u00f3n contenidos en la web, que pueden verse impedidos, dificultados, o interrumpidos por factores fuera de su control. La empresa no es responsable de la informaci\u00f3n y dem\u00e1s contenidos integrados en espacios o p\u00e1ginas web de terceros accesibles desde el Portal mediante enlaces, hiperv\u00ednculos, o links, ni de la informaci\u00f3n y dem\u00e1s contenidos integrados en espacios o p\u00e1ginas web de terceros desde que los que se acceda mediante enlaces, hiperv\u00ednculos o links al portal o alguna respecto a la informaci\u00f3n, contenidos de todo tipo, productos o servicios prestados u ofertados a trav\u00e9s del portal por terceras personas o entidades y en especial a los da\u00f1os y perjuicios de cualquier tipo que vinculados a lo anterior pudieran producirse por:<\/p>\n\n\n\n<p>1.- ausencias o deficiencias en la informaci\u00f3n facilitada a los usuarios o en su veracidad, exactitud y suficiencia.<\/p>\n\n\n\n<p>2.- incumplimiento o cumplimiento defectuoso o impuntual de los contratos o relaciones pre-contractuales.<\/p>\n\n\n\n<p>3.- Incumplimiento de las obligaciones que incumban a los prestadores de servicios de la sociedad de la informaci\u00f3n.<\/p>\n\n\n\n<p>4.- Infracci\u00f3n el los derechos de los consumidores y usuarios.<\/p>\n\n\n\n<p>5.- Infracci\u00f3n de los derechos de la propiedad intelectual e industrial, realizaci\u00f3n de actos de competencia desleal o de publicidad il\u00edcita.<\/p>\n\n\n\n<p>6.- Infracci\u00f3n del derecho de protecci\u00f3n de datos, del secreto profesional y de los derechos del honor, a la intimidad personal familiar y a la imagen de las personas.<\/p>\n\n\n\n<p>7.- En general el incumplimiento de cualesquiera leyes, costumbres o c\u00f3digos de conducta que resulten de aplicaci\u00f3n.<\/p>\n\n\n\n<p>La empresa tampoco asume responsabilidades alguna por da\u00f1os, perjuicios, p\u00e9rdidas, reclamaciones, o gastos producidos por interferencias, interrupciones, fallos, omisiones, aver\u00edas telef\u00f3nicas, retrasos, bloqueos o desconexiones en el funcionamiento del sistema electr\u00f3nico motivada por deficiencias o sobrecargas o errores en la l\u00edneas de telecomunicaciones, o por cualquier otra circunstancia ajena.<\/p>\n\n\n\n<p>Tampoco ser\u00e1 responsable por intromisiones ileg\u00edtimas mediante el uso de virus inform\u00e1ticos u otros, cualquiera que sea su procedencia, el uso indebido de la web por parte del usuario, errores de seguridad motivados por el incorrecto funcionamiento del navegador utilizado o por versiones no actualizadas del mismo.<\/p>\n\n\n\n<p>La empresa no ser\u00e1 responsable de las opiniones vertidas por los usuarios en la web, a trav\u00e9s de cualquiera de sus aplicaciones que lo propicie.<\/p>\n\n\n\n<p>La empresa por tanto no se hace responsable de la licitud, fiabilidad, veracidad o exactitud de las informaciones que se presten a trav\u00e9s del portal por terceras personas ajenas al portal.<\/p>\n\n\n\n<p>Sin perjuicio de lo antes se\u00f1alado, la empresa garantiza que todos los servicios prestados a trav\u00e9s del portal ser\u00e1n contratados con sus leg\u00edtimos titulares, adquiriendo productos originales y respetando la legalidad vigente y el Ordenamiento Jur\u00eddico espa\u00f1ol.<\/p>\n\n\n\n<h2 class=\"wp-block-heading\">PROPIEDAD INTELECTUAL.<\/h2>\n\n\n\n<p>El usuario reconoce y acepta que todos los derechos de propiedad intelectual e industrial sobre los contenidos y cualesquiera otros elementos insertados en el sitio web pertenecen a la empresa.<\/p>\n\n\n\n<p>La empresa es titular de los derechos que integran en dise\u00f1o gr\u00e1fico de su p\u00e1gina web, los men\u00fas, botones de navegaci\u00f3n, el c\u00f3digo HTML, los textos, las texturas, gr\u00e1fico y cualquier otro contenido de la p\u00e1gina web.<\/p>\n\n\n\n<p>El contenido de la empresa no podr\u00e1 ser reproducido ni en todo ni en parte, ni transmitido ni registrado por ning\u00fan sistema de recuperaci\u00f3n de informaci\u00f3n, en ninguna forma ni en ning\u00fan medio a menos que se cuente con la autorizaci\u00f3n previa y por escrito de la titular.<\/p>\n\n\n\n<p>Asimismo queda prohibida cualquier modalidad de explotaci\u00f3n, incluyendo todo tipo de reproducci\u00f3n, distribuci\u00f3n, cesi\u00f3n a terceros, comunicaci\u00f3n previa y transformaci\u00f3n mediante cualquier tipo de soporte y medio.<\/p>\n\n\n\n<p>El incumplimiento de estas prohibiciones legitimar\u00e1 a la empresa a emprender las acciones legales que correspondan.<\/p>\n\n\n\n<h2 class=\"wp-block-heading\">POLITICA DE PRIVACIDAD<\/h2>\n\n\n\n<p>En su caso, los Datos personales recabados por la empresa estar\u00e1n sujetos en todo caso a la normativa vigente en Protecci\u00f3n de Datos en Espa\u00f1a.<\/p>\n\n\n\n<p>La empresa informar\u00e1 puntualmente a sus usuarios y visitantes de las condiciones en las que se proceder\u00e1 a recabar los datos personales y de los derechos que asisten en esta disciplina a todos sus usuarios.<\/p>\n\n\n\n<p>Los usuarios que aporten sus datos personales aceptan expresamente que sus datos sean incorporados a un fichero de datos personales llamado \u201cFichero Clientes\u201d, cuyo titular es la empresa con el fin de poder ofrecer correctamente al usuario el servicio ofrecido y aceptado por \u00e9ste, as\u00ed como las nuevas promociones y productos que puedan ser de su inter\u00e9s en un futuro.<\/p>\n\n\n\n<p>Los datos recabados pasar\u00e1n a formar parte de un Fichero de Datos Personales, notificado a la Agencia Espa\u00f1ola de Protecci\u00f3n de Datos Personales de titularidad de la empresa.<\/p>\n\n\n\n<p>Como responsable del fichero, la empresa garantiza el cumplimiento de la Ley Espa\u00f1ola de 15\/1999 de Protecci\u00f3n de Datos de Car\u00e1cter Personal as\u00ed como el Reglamento vigente de aplicaci\u00f3n.<\/p>\n\n\n\n<p>El usuario, por s\u00ed mismo, o a trav\u00e9s de sus padres\/tutores\/representantes legales legitimados, podr\u00e1 ejercitar sus derechos de acceso, rectificaci\u00f3n, cancelaci\u00f3n y oposici\u00f3n dirigi\u00e9ndose por escrito o correo electr\u00f3nico a la empresa en su domicilio social anteriormente indicando Referencia LOPD.<\/p>\n\n\n\n<p>La empresa dispone de medidas de seguridad para que, de la mejor manera posible, se pueda garantizar el correcto tratamiento de los datos recabados de los usuarios.<\/p>\n\n\n\n<p>La finalidad de estos datos, como antes se ha especificado, no es otra que su utilizaci\u00f3n en pr\u00f3ximas promociones que la empresa realice y que puedan ser de inter\u00e9s de los usuarios.<\/p>\n\n\n\n<h2 class=\"wp-block-heading\">INFORMACI\u00d3N T\u00c9CNICA.<\/h2>\n\n\n\n<p>La presente web ha sido dise\u00f1ada, para una visualizaci\u00f3n optimizada, en pantalla de 1920\u00d71080 \u00f3 superior y 256 colores \u00f3 nivel superior.<\/p>\n","protected":false},"excerpt":{"rendered":"<p>IDENTIFICACI\u00d3N Y TITULARIDAD. Esta es una Website titularidad de PORTES ENTRE ASTURIAS Y MADRID SL. En cumplimiento a la Ley de Servicios de la Sociedad &hellip; <\/p>\n","protected":false},"author":1,"featured_media":0,"parent":0,"menu_order":0,"comment_status":"closed","ping_status":"closed","template":"","meta":{"footnotes":""},"class_list":["post-189","page","type-page","status-publish","hentry"],"yoast_head":"<!-- This site is optimized with the Yoast SEO plugin v25.0 - https:\/\/yoast.com\/wordpress\/plugins\/seo\/ -->\n<title>Aviso legal - PACO BEDMAR<\/title>\n<meta name=\"robots\" content=\"index, follow, max-snippet:-1, max-image-preview:large, max-video-preview:-1\" \/>\n<link rel=\"canonical\" href=\"https:\/\/ayudaestresyansiedad.com\/index.php\/aviso-legal\/\" \/>\n<meta property=\"og:locale\" content=\"es_ES\" \/>\n<meta property=\"og:type\" content=\"article\" \/>\n<meta property=\"og:title\" content=\"Aviso legal - PACO BEDMAR\" \/>\n<meta property=\"og:description\" content=\"IDENTIFICACI\u00d3N Y TITULARIDAD. Esta es una Website titularidad de PORTES ENTRE ASTURIAS Y MADRID SL. En cumplimiento a la Ley de Servicios de la Sociedad &hellip;\" \/>\n<meta property=\"og:url\" content=\"https:\/\/ayudaestresyansiedad.com\/index.php\/aviso-legal\/\" \/>\n<meta property=\"og:site_name\" content=\"PACO BEDMAR\" \/>\n<meta name=\"twitter:card\" content=\"summary_large_image\" \/>\n<meta name=\"twitter:site\" content=\"@BedmarCoach\" \/>\n<meta name=\"twitter:label1\" content=\"Tiempo de lectura\" \/>\n\t<meta name=\"twitter:data1\" content=\"7 minutos\" \/>\n<script type=\"application\/ld+json\" class=\"yoast-schema-graph\">{\"@context\":\"https:\/\/schema.org\",\"@graph\":[{\"@type\":\"WebPage\",\"@id\":\"https:\/\/ayudaestresyansiedad.com\/index.php\/aviso-legal\/\",\"url\":\"https:\/\/ayudaestresyansiedad.com\/index.php\/aviso-legal\/\",\"name\":\"Aviso legal - PACO BEDMAR\",\"isPartOf\":{\"@id\":\"https:\/\/ayudaestresyansiedad.com\/#website\"},\"datePublished\":\"2022-05-30T07:29:12+00:00\",\"breadcrumb\":{\"@id\":\"https:\/\/ayudaestresyansiedad.com\/index.php\/aviso-legal\/#breadcrumb\"},\"inLanguage\":\"es\",\"potentialAction\":[{\"@type\":\"ReadAction\",\"target\":[\"https:\/\/ayudaestresyansiedad.com\/index.php\/aviso-legal\/\"]}]},{\"@type\":\"BreadcrumbList\",\"@id\":\"https:\/\/ayudaestresyansiedad.com\/index.php\/aviso-legal\/#breadcrumb\",\"itemListElement\":[{\"@type\":\"ListItem\",\"position\":1,\"name\":\"INICIO\",\"item\":\"https:\/\/ayudaestresyansiedad.com\/\"},{\"@type\":\"ListItem\",\"position\":2,\"name\":\"Aviso legal\"}]},{\"@type\":\"WebSite\",\"@id\":\"https:\/\/ayudaestresyansiedad.com\/#website\",\"url\":\"https:\/\/ayudaestresyansiedad.com\/\",\"name\":\"PACO BEDMAR\",\"description\":\"SUE\u00d1A, ACT\u00daA... CONSIGUE TUS OBJETIVOS\",\"publisher\":{\"@id\":\"https:\/\/ayudaestresyansiedad.com\/#\/schema\/person\/d07ed3c273dddfd14b3d692c1b67bce1\"},\"alternateName\":\"Coaching profesional en Madrid\",\"potentialAction\":[{\"@type\":\"SearchAction\",\"target\":{\"@type\":\"EntryPoint\",\"urlTemplate\":\"https:\/\/ayudaestresyansiedad.com\/?s={search_term_string}\"},\"query-input\":{\"@type\":\"PropertyValueSpecification\",\"valueRequired\":true,\"valueName\":\"search_term_string\"}}],\"inLanguage\":\"es\"},{\"@type\":[\"Person\",\"Organization\"],\"@id\":\"https:\/\/ayudaestresyansiedad.com\/#\/schema\/person\/d07ed3c273dddfd14b3d692c1b67bce1\",\"name\":\"Paco B\u00e9dmar\",\"image\":{\"@type\":\"ImageObject\",\"inLanguage\":\"es\",\"@id\":\"https:\/\/ayudaestresyansiedad.com\/#\/schema\/person\/image\/\",\"url\":\"https:\/\/ayudaestresyansiedad.com\/wp-content\/uploads\/2023\/03\/1658761370604.jpg\",\"contentUrl\":\"https:\/\/ayudaestresyansiedad.com\/wp-content\/uploads\/2023\/03\/1658761370604.jpg\",\"width\":800,\"height\":800,\"caption\":\"Paco B\u00e9dmar\"},\"logo\":{\"@id\":\"https:\/\/ayudaestresyansiedad.com\/#\/schema\/person\/image\/\"},\"sameAs\":[\"http:\/\/ayudaestresyansiedad.com\",\"https:\/\/www.linkedin.com\/in\/franciscobedmarcruz\/\",\"https:\/\/x.com\/BedmarCoach\",\"https:\/\/www.youtube.com\/channel\/UCF0wNJbFTUay-id7NfRpOPA\"]}]}<\/script>\n<!-- \/ Yoast SEO plugin. -->","yoast_head_json":{"title":"Aviso legal - PACO BEDMAR","robots":{"index":"index","follow":"follow","max-snippet":"max-snippet:-1","max-image-preview":"max-image-preview:large","max-video-preview":"max-video-preview:-1"},"canonical":"https:\/\/ayudaestresyansiedad.com\/index.php\/aviso-legal\/","og_locale":"es_ES","og_type":"article","og_title":"Aviso legal - PACO BEDMAR","og_description":"IDENTIFICACI\u00d3N Y TITULARIDAD. Esta es una Website titularidad de PORTES ENTRE ASTURIAS Y MADRID SL. En cumplimiento a la Ley de Servicios de la Sociedad &hellip;","og_url":"https:\/\/ayudaestresyansiedad.com\/index.php\/aviso-legal\/","og_site_name":"PACO BEDMAR","twitter_card":"summary_large_image","twitter_site":"@BedmarCoach","twitter_misc":{"Tiempo de lectura":"7 minutos"},"schema":{"@context":"https:\/\/schema.org","@graph":[{"@type":"WebPage","@id":"https:\/\/ayudaestresyansiedad.com\/index.php\/aviso-legal\/","url":"https:\/\/ayudaestresyansiedad.com\/index.php\/aviso-legal\/","name":"Aviso legal - PACO BEDMAR","isPartOf":{"@id":"https:\/\/ayudaestresyansiedad.com\/#website"},"datePublished":"2022-05-30T07:29:12+00:00","breadcrumb":{"@id":"https:\/\/ayudaestresyansiedad.com\/index.php\/aviso-legal\/#breadcrumb"},"inLanguage":"es","potentialAction":[{"@type":"ReadAction","target":["https:\/\/ayudaestresyansiedad.com\/index.php\/aviso-legal\/"]}]},{"@type":"BreadcrumbList","@id":"https:\/\/ayudaestresyansiedad.com\/index.php\/aviso-legal\/#breadcrumb","itemListElement":[{"@type":"ListItem","position":1,"name":"INICIO","item":"https:\/\/ayudaestresyansiedad.com\/"},{"@type":"ListItem","position":2,"name":"Aviso legal"}]},{"@type":"WebSite","@id":"https:\/\/ayudaestresyansiedad.com\/#website","url":"https:\/\/ayudaestresyansiedad.com\/","name":"PACO BEDMAR","description":"SUE\u00d1A, ACT\u00daA... CONSIGUE TUS OBJETIVOS","publisher":{"@id":"https:\/\/ayudaestresyansiedad.com\/#\/schema\/person\/d07ed3c273dddfd14b3d692c1b67bce1"},"alternateName":"Coaching profesional en Madrid","potentialAction":[{"@type":"SearchAction","target":{"@type":"EntryPoint","urlTemplate":"https:\/\/ayudaestresyansiedad.com\/?s={search_term_string}"},"query-input":{"@type":"PropertyValueSpecification","valueRequired":true,"valueName":"search_term_string"}}],"inLanguage":"es"},{"@type":["Person","Organization"],"@id":"https:\/\/ayudaestresyansiedad.com\/#\/schema\/person\/d07ed3c273dddfd14b3d692c1b67bce1","name":"Paco B\u00e9dmar","image":{"@type":"ImageObject","inLanguage":"es","@id":"https:\/\/ayudaestresyansiedad.com\/#\/schema\/person\/image\/","url":"https:\/\/ayudaestresyansiedad.com\/wp-content\/uploads\/2023\/03\/1658761370604.jpg","contentUrl":"https:\/\/ayudaestresyansiedad.com\/wp-content\/uploads\/2023\/03\/1658761370604.jpg","width":800,"height":800,"caption":"Paco B\u00e9dmar"},"logo":{"@id":"https:\/\/ayudaestresyansiedad.com\/#\/schema\/person\/image\/"},"sameAs":["http:\/\/ayudaestresyansiedad.com","https:\/\/www.linkedin.com\/in\/franciscobedmarcruz\/","https:\/\/x.com\/BedmarCoach","https:\/\/www.youtube.com\/channel\/UCF0wNJbFTUay-id7NfRpOPA"]}]}},"_links":{"self":[{"href":"https:\/\/ayudaestresyansiedad.com\/index.php\/wp-json\/wp\/v2\/pages\/189","targetHints":{"allow":["GET"]}}],"collection":[{"href":"https:\/\/ayudaestresyansiedad.com\/index.php\/wp-json\/wp\/v2\/pages"}],"about":[{"href":"https:\/\/ayudaestresyansiedad.com\/index.php\/wp-json\/wp\/v2\/types\/page"}],"author":[{"embeddable":true,"href":"https:\/\/ayudaestresyansiedad.com\/index.php\/wp-json\/wp\/v2\/users\/1"}],"replies":[{"embeddable":true,"href":"https:\/\/ayudaestresyansiedad.com\/index.php\/wp-json\/wp\/v2\/comments?post=189"}],"version-history":[{"count":0,"href":"https:\/\/ayudaestresyansiedad.com\/index.php\/wp-json\/wp\/v2\/pages\/189\/revisions"}],"wp:attachment":[{"href":"https:\/\/ayudaestresyansiedad.com\/index.php\/wp-json\/wp\/v2\/media?parent=189"}],"curies":[{"name":"wp","href":"https:\/\/api.w.org\/{rel}","templated":true}]}}